 = 30*b + 8140. List the prime factors of (b - 2)/(-5)*(-20)/15.
2, 3
List the prime factors of ((-220)/(-33))/10 - (-2532996)/54.
2, 3, 1303
Let r(h) = -1010 - 9*h - 852 + h**2 + 2433. What are the prime factors of r(0)?
571
Suppose 99 - 67 = 2*q. Let h(v) = -v + 19. Let b be h(q). What are the prime factors of 10*((-105)/(-10) - b)?
3, 5
Let h be 2*(204 - 1)*(-7 - -14). Suppose 19*p = -30*p + h. What are the prime factors of p?
2, 29
Let y(q) = 2091*q + 1317. What are the prime factors of y(4)?
3, 7, 461
Suppose -2*c + u + 7 = 2*u, -40 = -5*c + 5*u. Suppose 7142*w = 7132*w. Suppose w = -c*v - 4*x + 277, x + x - 59 = -v. What are the prime factors of v?
53
Suppose 5*v - 20560 = 5*m - 6*m, -5*m - 12336 = -3*v. List the prime factors of v.
2, 257
Suppose 1824*w - 1752*w - 1484784 = 0. What are the prime factors of w?
2, 3, 7, 491
Let t = -7637 + 20680. What are the prime factors of t?
13043
Suppose -106*n = 115*n - 9560902. What are the prime factors of n?
2, 97, 223
Suppose 6*y = 538 + 1592. Suppose -5*r = -g + y, 715 = 4*g - 3*r - 637. What are the prime factors of g?
5, 67
Suppose -3*w + 4 = 2*x + 10, -2*x - 2*w - 2 = 0. Suppose -3*r = -3*q, r + 2*q = -x*q - 6. Let s(z) = -115*z. List the prime factors of s(r).
5, 23
Let r = -6705 - -6773. List the prime factors of r.
2, 17
Let q(l) = l**2 + 2*l - 17. Let w be q(-11). Suppose -w*i - 364 = -84*i. List the prime factors of i.
2, 7, 13
Let f = -29413 + 47379. What are the prime factors of f?
2, 13, 691
Let j(h) = 25*h**3 + 5*h**2 + 39*h + 20. What are the prime factors of j(9)?
19001
Let f(n) = 128*n**2 - 5*n - 11. Suppose 3*u - 4*l = u, 5*l = 5*u + 5. What are the prime factors of f(u)?
7, 73
Let j(n) = -n**3 - 15*n**2 - 16*n - 25. Suppose -7*r - 2*f = -2*r + 68, 5*r = -4*f - 66. Let k be j(r). List the prime factors of k + (-1)/1 - -124.
2, 3, 7
Let f be (3/(-1))/(216/(-63) + 3). Suppose 448 + 882 = f*n. What are the prime factors of n?
2, 5, 19
Let k(f) = 53*f - 37. Let x(d) = 106*d - 74. Let z(b) = -5*k(b) + 3*x(b). Let c be z(16). Suppose 0 = 9*l + 109 - c. What are the prime factors of l?
2, 3, 13
Suppose 3*g + 3 = -6. Let m be g/9 - (-768)/(-18). Let x = 99 + m. List the prime factors of x.
2, 7
Let f = -146 + 141. What are the prime factors of 201/(-2)*-2 + (-2 - f)?
2, 3, 17
Let d(b) = 7*b + 27. Let y be d(-3). What are the prime factors of (-1 + 565/10)*y?
3, 37
Let x(n) = 1289*n + 1029. List the prime factors of x(6).
3, 23, 127
Let x be (7 - (16 + 11)) + 4. Let y(k) = 9*k + k**2 - 3*k + 5*k + 19. List the prime factors of y(x).
3, 11
Let a(h) = -h**3 - 13*h**2 - 39*h + 12. Let s be a(-7). Let q(w) = -w**3 - 7*w**2 - 53*w + 11. What are the prime factors of q(s)?
2, 5, 13
List the prime factors of (-3)/(-4) - (72290/(-40) - 2).
2, 5, 181
Let h(b) = -478*b - 5777. List the prime factors of h(-38).
3, 4129
Suppose -3*y = -0*y - 6, 0 = z - 2*y - 1. Suppose -2*s + 2*v + 1276 = 0, z*s - 3*v - 3200 = -0*s. What are the prime factors of s?
643
Let w = 121 + -117. Suppose 2517 = 4*m + 2*x + 3*x, 5*m + w*x = 3144. List the prime factors of m.
2, 157
Let s be 93*1/4 + (-10)/40. Let x = -19 + s. Suppose x*y = 6*y - 234. List the prime factors of y.
3, 13
Let h be 1 + (-2)/(4/(2 + -4)). Let s be (-29 - h) + 0 + 0. Let t = 119 + s. What are the prime factors of t?
2, 11
Let s = 2757 - 1420. What are the prime factors of s?
7, 191
Suppose 17*w - 12*w + 4*m = 1340, -297 = -w + 5*m. Suppose -2018 = -6*s - w. What are the prime factors of s?
3, 97
Let g be ((-6)/4)/(102/173536). Let m = -1267 - g. What are the prime factors of m?
5, 257
Let t = -6 + 8. Let h(b) = b**2 - 187*b + 1083. Let v be h(6). List the prime factors of 94*(t + 2 + v)/2.
47
Let n be (-18)/(-60)*8/(-12)*-25. What are the prime factors of 23543/52 + n/20?
3, 151
Let o = 7864 + -6666. List the prime factors of o.
2, 599
Suppose -6*k - 8442 = 12*k. Suppose -4*q - 1241 = u, 0 = -u - 5. Let l = q - k. What are the prime factors of l?
2, 5
Let f(z) = z**3 - 39*z**2 + 51*z + 46. Let s be f(37). Let d = -208 - s. What are the prime factors of d?
3, 199
Let n be 1/(((-15)/20)/(-3)). Suppose -21 = 3*z + n*y, 0 = 4*z - 4*y - 0*y + 56. Let g = z + 68. List the prime factors of g.
3, 19
Let f(i) = -11*i + 200. Let v = -262 - -249. What are the prime factors of f(v)?
7
Let j = 5337 + -2540. List the prime factors of j.
2797
Suppose 2*n + 60177 = 3*x, -9*x + 12*x - 60159 = 5*n. What are the prime factors of x?
20063
Suppose -283013 = -30*l + 124297. List the prime factors of l.
13577
What are the prime factors of 6/(60/70) - 1*-4627?
2, 7, 331
Suppose -r - 4 = -2*y, -2*y - 10 = -5*r + 10. List the prime factors of 3146/r + (-74)/(-111).
3, 5, 7
Suppose 6480 + 3699 = 13*k. Let p = -551 + k. List the prime factors of p.
2, 29
Let j(d) = 102*d**2 + 28*d - 28. What are the prime factors of j(9)?
2, 4243
Let p = 10061 + -3270. List the prime factors of p.
6791
Let z(b) = -2*b**2 + 89*b - 46. Let r be z(45). List the prime factors of (-13)/(r/1925) + 2*2.
3, 31
Suppose 8 = k + k. Suppose k*s - 3*s - 43 = 0. Let j = s - -35. What are the prime factors of j?
2, 3, 13
Suppose 3*y = p - 2*p + 3806, 3810 = p + y. Suppose -3*x - 2*s + p = 2*s, 2564 = 2*x - 3*s. What are the prime factors of x?
2, 11, 29
Let q = -26 + 76. Suppose 52*v = q*v + 10. Suppose a + 4 = 0, 5*z - v*a = z + 172. What are the prime factors of z?
2, 19
Let v(r) = r**3 - 17*r**2 + 33*r - 15. Let l be v(15). Suppose 27*j = l*j - 300. What are the prime factors of j?
2, 5
Suppose 4*c + 0*c + o = 15, 0 = 4*c - 3*o - 19. Suppose 2*f = 3*i + 92, -f - 6*i = -c*i - 39. What are the prime factors of f?
43
Suppose -4*s = 5*k - 58392, 4*k - 41808 - 4910 = -s. List the prime factors of k.
2, 5, 73
Let n be -3 + 23/((-69)/3720). Let h = -274 - n. What are the prime factors of h?
3, 17, 19
Suppose -2*j = 796 + 76. Let a = j + 1243. List the prime factors of a.
3, 269
Let s be (10/8)/((-10)/(-40)). Suppose 73 = -4*a + s*a. Suppose a = 2*k - 49. What are the prime factors of k?
61
Let c = 10973 + 2496. List the prime factors of c.
13469
Let n = 3 - 0. Suppose n*l + 16 = 31. Suppose -l*d - 142 = -3*w + 90, d = -2*w + 133. What are the prime factors of w?
3, 23
Let j = 57 + -9. Suppose j*i + 136 = 52*i. What are the prime factors of (-2)/4 - (-4097)/i?
2, 3, 5
Suppose -6*n = -7*n. Suppose 2*z + 2*a - 32 = z, 4*z + 4*a - 144 = n. List the prime factors of (z/(-25))/((-4)/40).
2
Let b = -722 + 1035. Suppose -2*a + b + 674 = -5*g, 0 = 4*a - g - 1947. List the prime factors of a.
2, 3
List the prime factors of 39/(-52)*-4 - (-10657 - 0).
2, 5, 13, 41
List the prime factors of (16724/678)/((-2)/(-6351)).
29, 37, 73
Let o be (32/112)/((-1)/(-7)). Let v(w) = 264*w + 0 + 2 - 194*w - 5. List the prime factors of v(o).
137
Let m(j) = 2061*j**2 - 1531*j - 7683. List the prime factors of m(-5).
23, 2239
Let b(d) = 6*d**3 - 26*d**2 + 108*d + 7. What are the prime factors of b(11)?
5, 17, 71
Let h(s) = 289*s - 554. What are the prime factors of h(15)?
19, 199
Let u be 6/21 + (-8)/28. Let r be (8/12)/((-14)/(-63)). Suppose 10 - 2 = -2*i, u = -r*v + 3*i + 132. List the prime factors of v.
2, 5
Let o be 2 - 0 - 0/(-7). Suppose -401 = -6*z + z + 2*i, o*z - 160 = i. Suppose 12 = -3*h, 0*g + g - 4*h - z = 0. What are the prime factors of g?
5, 13
Let y be (6/4)/((-48)/(-128)). Suppose -7*t + 8*t = y. What are the prime factors of ((-24)/2)/(((-9)/t)/3)?
2
List the prime factors of (6/(-8) - 0)/(-1 + 214050/214056).
3, 991
Suppose 6*l = -11*l + 85. Suppose 3*w = 8 + 1, -1769 = -l*q + 2*w. What are the prime factors of q?
5, 71
Suppose 108 = -3*t - d, 4*t - 5*d + 94 = -69. Let a = t + 9. List the prime factors of (2 + a - 4)*-2.
2, 3, 5
Let f(r) = r**3 + 17*r**2 - 9*r - 21. Let a = -38 - -21. Let o be f(a). Suppose 4*c - o - 50 = -2*d, 229 = 5*c + 3*d. What are the prime factors of c?
2, 11
Suppose 9*o = 5*o + 8. Suppose -g - 3*m = 8 + o, -5 = m. List the prime factors of ((-46)/(-10) - g) + 367/5.
73
Let h = -5176 + 9457. List the prime factors of h.
3, 1427
Suppose 3*f = 3*l - 48822, -5*f + 33913 + 47437 = 5*l. List the prime factors of l.
2, 3, 113
Suppose -3*n - 2*c + 13 = -3*c, -4*c = -n + 19. Suppose -n*r + 0*r + 690 = 0. Let s = -75 + r. What are the prime factors of s?
5, 31
Suppose 79*y = -73*y + 143*y + 205209.